 factor of 6 and a?
3
Let q = 28 - 16. Let m(y) = -y**2 + y**2 - 1 + y**2. Let w be m(-2). What is the highest common factor of q and w?
3
Suppose 2*o = 8 - 4. Let x = -3 - -7. What is the greatest common factor of x and o?
2
Let k = 105 + -55. Calculate the highest common factor of k and 25.
25
Let k be 2 - (2/4 + (-810)/20). Calculate the greatest common divisor of 168 and k.
42
Let p(v) = v - 1. Let n be p(3). Suppose 5*m = 34 - 14. Suppose -d = n, m*i - d = -5*d + 32. Calculate the greatest common divisor of 2 and i.
2
Let c be 30/1 + -1 + 4. What is the highest common factor of 66 and c?
33
Suppose 2*b - 7 = i, b + 2*i + 4 = -0*b. Let k be 6/b - (-14 + 3). Calculate the highest common factor of 7 and k.
7
Suppose -3*y + 20 = y. Suppose a + 1 = -1, 5*q + y*a = 150. Calculate the highest common factor of q and 96.
32
Let m(o) = o**3 + 22*o**2 - 23*o + 20. Let g be m(-23). Calculate the greatest common divisor of g and 20.
20
Let r be -2 + 36/(-18) + 50/2. Calculate the highest common factor of r and 6.
3
Suppose 2*o - 13 = j, -2*o + 19 = j - 4*j. Calculate the greatest common divisor of o and 85.
5
Suppose 4 = -2*p - 26. Let v be (20/3)/((-10)/p). Calculate the greatest common factor of v and 10.
10
Let y(i) = -i**3 + i**2 + 7*i - 1. Let o be y(-3). Calculate the highest common factor of o and 91.
7
Let x be (-7)/(-2)*(2 - 0). Let b = x - -13. Suppose -2*m + 20 = 2*m. Calculate the greatest common divisor of b and m.
5
Suppose 13 = 5*x - 2*p, 18 = 5*x - p + 4*p. Suppose -2*d + 0*d + 22 = 5*i, 0 = -4*d + i + 88. Calculate the greatest common divisor of x and d.
3
Let a(d) = -3*d + 8. Let f be a(-14). What is the greatest common divisor of f and 25?
25
Let z(r) = -2*r + 30. Let k be z(5). Calculate the greatest common factor of k and 8.
4
Let n be 2/2 + (-12)/1. Let u = -4 + 28. Let l = u - n. Calculate the greatest common divisor of l and 14.
7
Let z be 14/28*(-4)/(-2). Suppose 7*w - 4*w = 6. Calculate the highest common divisor of w and z.
1
Let h be 699/33 + 4/(-22). Let q = -3 + 6. What is the greatest common divisor of h and q?
3
Let q(d) = 2*d**2 + 3*d + 2. Suppose -3*b = -5*i + i - 18, 5*i + 2*b + 34 = 0. Let w be q(i). Calculate the greatest common divisor of w and 8.
8
Let d(q) = -q**2 + 6*q - 1. Let r be d(4). Let f(z) = 15 + z**2 - 3*z - 8 + 0. Let k be f(r). What is the highest common factor of k and 5?
5
Let q = -94 - -118. What is the greatest common divisor of q and 108?
12
Let y(v) = -v + 18. Let j be y(8). Calculate the greatest common divisor of 2 and j.
2
Suppose 78 = 2*x - 4*b, -x + 25 = -4*b - 22. Calculate the highest common divisor of x and 62.
31
Suppose -3*i + 13 = 1. Suppose 2*u - 11 - 25 = -2*o, o = i. Calculate the greatest common divisor of 140 and u.
14
Let y be 1 - -12 - 2/(-2). Suppose 2*b + 73 = 3*b. Suppose 5*h - b = -3*f, -10 = -h + 2*f + 2*f. What is the greatest common factor of h and y?
14
Let t = 58 - 23. Suppose 0 = -5*p + 3*d + t, 3*p = 3*d - 7*d - 8. What is the highest common factor of 44 and p?
4
Let t = 60 - 15. What is the highest common factor of 15 and t?
15
Suppose 8*n - 270 = -n. Suppose -3*v = -0*v - 60. Calculate the highest common factor of n and v.
10
Suppose 0 = -14*p + 2193 + 2735. Calculate the greatest common factor of 32 and p.
32
Let x = 17 + -15. What is the highest common factor of x and 22?
2
Let g(a) = -4*a - 3. Let w be g(-7). Suppose -d + w = 4*d. Suppose 2*s + 0*o - 180 = -4*o, -d*o - 5 = 0. Calculate the greatest common factor of s and 23.
23
Suppose 3*x - x = -48. Let o be (2 - -1 - x) + -2. Suppose q - o + 2 = 0. What is the greatest common divisor of 115 and q?
23
Suppose -3*f - 6 = -0*f, 3*t + f = -2. Suppose j - 167 = -b - t*j, -b + j + 163 = 0. What is the greatest common divisor of 15 and b?
15
Let a = -25 - -27. What is the greatest common factor of 16 and a?
2
Let k(v) = -v**3 + 25*v**2 + 26*v + 34. Let w be k(26). What is the greatest common factor of 85 and w?
17
Suppose 4*x = 75 - 23. Suppose 4 = 2*j, -w - 3*j + 110 = -0*j. Calculate the highest common factor of w and x.
13
Let p be 2 + 1 + 14 - 1. Calculate the greatest common factor of 176 and p.
16
Suppose o = 2*j - 199, 0 = -2*j - 7*o + 5*o + 196. What is the highest common factor of 9 and j?
9
Let a be ((6/(-5))/2)/(13/(-195)). Calculate the greatest common divisor of 27 and a.
9
Let j be ((-9)/(-6))/((-2)/(-4)). Suppose 0*g + 108 = j*g. Suppose 0 = -3*l + 204 - g. Calculate the highest common divisor of 7 and l.
7
Suppose -2*i + 5*i - 78 = 0. What is the highest common divisor of i and 13?
13
Let y be (-1)/(-2)*(1 + -13). Let d be ((-3)/2)/((-6)/(-12)). Let f = d - y. Calculate the highest common divisor of f and 15.
3
Suppose 3*k + 0 = -4*y + 16, 3*k - 5*y = -20. Let u be -2 + 2 - k - -13. Calculate the highest common divisor of 13 and u.
13
Let h = 5 - -7. Let k = 25 - h. Let w be -22*52/(-16)*2. What is the greatest common factor of w and k?
13
Let y be 4*1*(-1)/2. Let b be 22/(-55)*5/y. Calculate the highest common divisor of b and 1.
1
Suppose b - 9 = -2*b. Calculate the greatest common divisor of b and 24.
3
Let r = -43 - -45. Calculate the greatest common factor of 18 and r.
2
Let q(x) = x**2 - 3*x - 1. Let f be q(4). Suppose -99 = -2*m - 3*w, -56 = f*m - w - 221. What is the greatest common factor of 18 and m?
18
Suppose -5*f + 70 = 20. Let p(r) = -r**2 + 10*r**2 - r**3 - 7*r - 3 + 0. Let a be p(8). What is the highest common factor of f and a?
5
Suppose -v + 2*f = -12 - 7, -33 = -2*v + 5*f. What is the greatest common factor of v and 261?
29
Let w = 8 - 6. Let x(s) = -s**2 - 6*s - 4. Let n be x(-4). Suppose -w*z + n*k + 36 = 2*k, 5*z = k + 106. Calculate the highest common factor of 2 and z.
2
Let k(d) = -14*d - 12. Let y(t) = t**3 - 4*t**2 - t - 4. Let s be y(4). Let i be k(s). Calculate the greatest common factor of i and 40.
20
Suppose -5*g + 9*g + 20 = 5*t, -50 = -5*t - 2*g. Let z be (-1)/(-2)*(1 + 3). Calculate the greatest common factor of t and z.
2
Suppose -7*d + 3*d + 224 = 0. Suppose -2*r = -4*m - d, 19 + 13 = r + 2*m. What is the highest common factor of r and 12?
6
Suppose 3*j - 4 = 2*j. Calculate the highest common divisor of 28 and j.
4
Let s = -149 - -266. Suppose 0 = -4*q - 3*z + 61, 0 = -0*q - 4*q - 2*z + 58. What is the highest common factor of q and s?
13
Let s = 13 - 15. Let z be (24/s)/(6 - 8). What is the highest common factor of z and 30?
6
Suppose 27 = 2*p - 5*b + 2*b, 5*p - 4*b = 57. What is the highest common factor of p and 27?
9
Let r be (-15)/(-2)*4/(-5). Let d(q) = q**2 + 5*q - 2. Let c be d(r). Calculate the highest common divisor of c and 2.
2
Let f(b) = -b**2 + 10*b - 11. Let a be f(8). Suppose a*i = 47 + 13. Calculate the highest common factor of 12 and i.
12
Suppose -68 = -2*s + 40. What is the highest common factor of s and 6?
6
Suppose -2*g + 3*c + 44 = 17, 4*g + 2*c - 94 = 0. What is the highest common factor of 21 and g?
21
Let z = 22 - 37. Let u be 2/(-8) + z/(-12). Let y be (-35)/(-15) - 4/(-6). Calculate the greatest common factor of u and y.
1
Let y(w) = 9*w**2 - 6*w + 5. Let n be y(3). What is the greatest common divisor of n and 17?
17
Let t be 4 - (-2 - 3/(-1)). Suppose -9 = t*j, s + 5*j - 6 = -17. What is the greatest common factor of s and 16?
4
Let c = 13 - 9. Let l = 213 + -201. Calculate the highest common divisor of c and l.
4
Suppose -3*v - 2*u + 75 = 0, 3*v + 5*u = 4*v - 42. Calculate the greatest common divisor of v and 3.
3
Let z(s) = 5*s - 3. Let t be z(7). Calculate the greatest common divisor of t and 256.
32
Suppose -2*i + 9 - 3 = 0. Suppose 3*s + 2*g + 94 = 0, 4*s - i*g + 131 = -0*g. Let l be ((-39)/(-4))/((-12)/s). Calculate the highest common factor of 39 and l.
13
Let b(m) = m**2 - 3*m - 1. Let i be b(3). Let d be -4 + 3 + i - -24. Calculate the greatest common divisor of d and 11.
11
Let y(g) = 15*g**2 + 2*g + 1. Let z be y(-1). Let r = 38 - 23. Let f = 13 + r. What is the highest common divisor of f and z?
14
Suppose -65 = -h + 4*a, -3*h + a + 95 = -h. What is the highest common divisor of h and 5?
5
Let k(x) = 0 + 0*x - 1 - 4*x + 4*x**2 + x**3 + 3. Let g be k(-4). What is the highest common factor of g and 2?
2
Let n(k) = -k**2 - 8*k + 1. Let f be n(-8). Let p be (3 - (6 - 2)) + f. Let o(y) = y**2 + y + 9. Let w be o(p). What is